n(34). Suppose j*x - 36*x - 2466 = 0. What is the tens digit of x?
1
Let g be (-6)/(-10) - (-14)/10. Suppose -3*o + 9 = s - 6*s, 0 = g*o + s + 7. What is the units digit of o/(0 - (-3)/(-42))?
8
Suppose 0 = -10*v + 246 + 4404. Suppose 5*j - 2597 = -p - v, 3*p = 3*j - 1290. What is the units digit of j?
7
Suppose -306*n = -309*n + l + 58097, 3*l + 58095 = 3*n. What is the units digit of n?
6
Suppose 2*g - d = g, 4*d + 28 = -3*g. What is the units digit of g/3*(-160 - -4)?
8
Suppose 2*j - 45 = -3*m, 4*m - 6 = 3*j - 48. Let g(y) = 19 + 0*y - y + 5 + 0. What is the units digit of g(j)?
6
Let y(u) = -u**3 + 12*u**2 - 67*u - 97. What is the units digit of y(-17)?
3
Suppose 5*j - 6 = 7*j. Let g be (3 - (-2)/j) + 3/(-9). What is the tens digit of (34/8*g)/(11/44)?
3
Let n(h) = -208*h + 763. What is the thousands digit of n(-69)?
5
Let j = 257 + -1768. Let u = 2225 + j. What is the tens digit of u?
1
Suppose -407*z + 402*z = 25. Let l(o) = -11*o**3 + 2*o**2 + 3*o - 19. What is the hundreds digit of l(z)?
3
Suppose 6*k - 2881 - 3167 = 0. Suppose -2*y = 2*x - k, -x - y = 3*y - 510. What is the tens digit of x?
0
Suppose 0 = 2*h, -4*h + 45 = 2*u - 4*u - u. Let g(a) = a + 56. Let c be g(0). Let z = c - u. What is the tens digit of z?
7
Let j be (-3 + 2 + 45)*50/40. Let r = -43 + j. What is the tens digit of r?
1
Let q(o) = -o**3 - 22*o**2 - 7*o - 24. Let g be q(-22). Let i = -104 + g. What is the tens digit of (-20580)/(-91) + (-4)/i?
2
Let u be (-650)/12 + 12/72. Let i be ((-1506)/7)/(-4 - u/14). Suppose -406 = 5*j - i. What is the tens digit of j?
2
Let h be 248/14 + 5/((-175)/(-10)). Let z(r) = r**2 + 9*r - 50. What is the tens digit of z(h)?
3
Let g(b) = 2*b**2 + 3*b. Let n be g(-3). Let a be -4 - 24/n*-3. Suppose -a*t - 6 + 38 = 0. What is the units digit of t?
8
Let q(x) = -4*x + 43. Let j(w) = 16 + 5*w - 18*w + 69 + 6*w. Let r(a) = -2*j(a) + 5*q(a). What is the tens digit of r(-22)?
7
Let r(n) be the third derivative of n**6/40 - n**5/10 + n**4/12 - n**3/3 - n**2. Suppose -70*j - 156 = -122*j. What is the tens digit of r(j)?
3
Suppose -6*y + 22 + 2 = 0. Suppose -4*w - 8 = -2*w, 5*c - 401 = y*w. Suppose 23*d + c = 24*d. What is the tens digit of d?
7
Let r = -10440 - -20493. What is the units digit of r?
3
Suppose -7*s + 24024 + 34719 = 4150. What is the units digit of s?
9
Let x = -917 - -951. Suppose -x*c = -26*c - 7528. What is the hundreds digit of c?
9
Let n = -358 + 1129. Let b = n - 595. What is the hundreds digit of b?
1
Let y = -590 + 594. What is the tens digit of (-181*14)/(-2) - (2 - y)?
6
Let b be 0 + 1 + -5 + 1 + 68. Let f = 205 - b. Let p = 209 - f. What is the tens digit of p?
6
Suppose 2*a + 104 = -14. Let y = a + 14. Let l = -31 - y. What is the units digit of l?
4
Suppose 3*u + 10623 = 3*g, 5*u - 17725 = -14*g + 9*g. What is the units digit of g?
3
Suppose 5*v - 3*u - 186 + 185 = 0, 3*v = -3*u - 9. Let b be 0/(-2) + 15*-1. Let f = v - b. What is the tens digit of f?
1
Suppose -28275 = -4*a - 383. What is the tens digit of a?
7
Suppose -3*n - 19614 = 4*t - 155444, -n + 67918 = 2*t. What is the units digit of t?
2
Let i be (-1)/(3/(-9)) - (-3)/(-3). Suppose 23 = 9*f - 6*f + 4*j, -i*f = j - 12. Suppose -f*d = -5*a + 1280, -2*d + 5*d = a - 258. What is the tens digit of a?
5
Suppose 86206 - 22206 = 25*d. What is the tens digit of d?
6
Suppose 3*z = -0*z + 36. Suppose -4*o - 2*l = o - z, 4*l + 20 = o. Suppose 0 = o*a - 59 - 65. What is the tens digit of a?
3
Suppose j + 6*j - 28 = 0. Suppose -5*d + 7*f - 2*f = -595, -j*d = 3*f - 476. Suppose d = 4*v - 205. What is the tens digit of v?
8
Let j(w) = -8*w**2 + 14*w. Let o be j(-4). Let x = o + 225. What is the tens digit of x?
4
Let c be 19/7 - (8/7)/(-4). What is the tens digit of 6 - (-115 - -3) - c/(-1)?
2
Suppose 3*h - 2900 = -3*w + 2365, -8743 = -5*h - w. What is the tens digit of h?
4
Let f = -1041 - -4208. What is the tens digit of f?
6
What is the tens digit of ((-10782)/(-8))/(3/33*(-66)/(-120))?
5
Let y = -62 + 59. What is the units digit of y/(-42)*10376 - (-6)/(-42)?
1
Let m be 2 + ((-44)/33 - (-2)/(-3)). Suppose -8*g + 3*g - 20 = m. What is the hundreds digit of (-96)/1*(g/3 + 0)?
1
Let s = -14 + 20. Suppose s*o - m = 2*o + 122, -o - 2*m = -35. Let w = o + -2. What is the units digit of w?
9
Let z be (-12)/(-24)*-2*2. Let i be (4/(-5))/(z/20). Suppose 57 = d - i. What is the tens digit of d?
6
Let f = -1430 + 2711. Let v = f - 699. What is the units digit of v?
2
Suppose 6*l = -4 - 14. What is the hundreds digit of 353 + (1 + l)*-2?
3
Let t(h) be the first derivative of 5*h**4/4 + 5*h**2/2 + 5*h + 45. Let w be t(-2). What is the tens digit of 20915/75 + 0 + (-6)/w?
7
Let f be -4 + (1 - (-2)/(-4))*-2. Let i be (-4 - -2)*(-1)/(-2)*f. Suppose l = b + 6*l - 127, -i*b - 2*l = -520. What is the tens digit of b?
0
Suppose 0 = -2*x + 171*v - 168*v + 24062, -4*x + 48144 = -v. What is the tens digit of x?
3
Let b(s) = 2*s**2 - 4*s - 1. Suppose 5*v - 78 = -4*t, -3*v = -14*t + 11*t + 45. What is the units digit of b(t)?
9
Suppose -z - 4*k = -1360, 5*z + 261*k - 264*k = 6731. What is the thousands digit of z?
1
Let q = -38 + 40. Suppose -t + 4 = q. Suppose t*l - 55 = 81. What is the units digit of l?
8
What is the units digit of 5/35 + (-2126550)/(-105)?
3
Let g(h) = 4*h**2 - 21*h + 50. Let d be g(16). Suppose -5*m - d = -4*q, 12 + 919 = 5*q - 2*m. What is the hundreds digit of q?
1
Let k be (-58)/(-6) - (-26)/78. Suppose k*f = 1762 - 192. What is the tens digit of f?
5
Let b(l) = -l**3 - 32*l**2 + 64*l + 87. What is the units digit of b(-35)?
2
Let v = 4145 + -2449. Suppose 2*z + v = 5484. Suppose z = 9*y + 256. What is the hundreds digit of y?
1
Let b = 2911 + 1340. What is the tens digit of b?
5
Let l(v) = 7*v + 37. Let w be ((-2)/1)/((-5)/(-120)). Let s = w - -48. What is the units digit of l(s)?
7
Let g(i) = 3 + 21*i - 9 - i**2 - 2. Let s be 14/(-49) + 1116/84. What is the units digit of g(s)?
6
Let s be 103/(-1*3/3). Let d = s + 146. Suppose 2*v + 2*g = v + d, 0 = v - g - 55. What is the units digit of v?
1
Suppose -2*g + 90 = 4*u, -u + 0*g + 5*g = -28. Suppose u*b - b = 9504. What is the tens digit of b?
3
Let k(w) = 118*w**2 + 29*w - 57. Let f(y) = -56*y**2 - 14*y + 29. Let r(n) = -7*f(n) - 3*k(n). What is the tens digit of r(3)?
4
Let p(m) = m**3 + 6*m**2 - 2. Let f be p(-3). What is the thousands digit of (4/(-8) - 166/(-4))*f?
1
Let a(i) = -1312*i - 968. What is the thousands digit of a(-3)?
2
What is the tens digit of -2 + 4 + 5/1 - -315?
2
Suppose 78 = -259*q + 261*q. Suppose 4*y - 3*a = 183, 3*a = y - 0*a - q. What is the tens digit of y?
4
Suppose -8*f - r + 94836 = -3*f, 0 = -3*f + r + 56908. What is the ten thousands digit of f?
1
Suppose h - 3*s = -6*s - 7, -17 = -5*h - 2*s. Suppose -h - 7 = -6*v. Suppose -q + k + 501 = 2*q, -6 = v*k. What is the units digit of q?
6
Let s be (-5)/(-3)*(1 - -77). Suppose 2*m + s = -4*t, 0 = 4*t - m - 0*m + 127. Let v = 102 + t. What is the units digit of v?
0
Let k(y) = y**3 + 12*y**2 - 16. Let a(n) = -n + 45. Let l(b) = 15. Let z(s) = 4*a(s) - 11*l(s). Let o be z(6). What is the units digit of k(o)?
7
Suppose -r + 20*q + 16113 = 16*q, 3*r + 3*q = 48399. What is the units digit of r?
9
What is the ten thousands digit of (-1086)/5*(1 + -2)*2340/24?
2
Suppose 0 = -18*z + 37705 + 22019. What is the thousands digit of z?
3
Suppose 78*k - 112*k + 76976 = 0. What is the hundreds digit of k?
2
Let f = 194 + -178. Suppose 5198 = f*n - 770. What is the tens digit of n?
7
What is the units digit of -1*((-1)/(-2))/((-15)/725340)?
8
Suppose -52*s = -46*s - 300. Suppose -34*f - s = -36*f. What is the tens digit of f?
2
What is the thousands digit of -2*(-6 - 6481) + (-3 - (-4 - -3))?
2
Suppose 2*g + 3*k + 30 = 6*g, -8 = -3*g - 5*k. Suppose 18504 = 24*v - g*v. What is the tens digit of v?
2
Let z(b) = 400*b + 89. What is the tens digit of z(9)?
8
What is the hundreds digit of ((-30089)/3 - -1)/(1586/78 - 21)?
0
Suppose -n + 4*m + 26454 = 0, 214*n + 4*m = 209*n + 132390. What is the ten thousands digit of n?
2
Let n(s) = 3*s**2 + 43*s - 266. What is the hundreds digit of n(24)?
4
Let t(u) = 19*u - 38 + 5*u**2 - 3 - 29 - 3*u**2. What is the hundreds digit of t(7)?
1
Suppose 0 = -7*h + 3*h + 140. Suppose x - 299 + h = 0. Suppose 3*b - 3*r = -0*r + x, 